ulate (-2 + 3 - -27) + (-972 - -968).
24
Evaluate 16 + (4 - 5) - (-57 - -62).
10
What is the value of -7 - ((-12 - -14) + -3)?
-6
Calculate 15 + (19 - 26) + -4.
4
-55 - -72 - (1 + -9 - 8)
33
Evaluate 5 + 6 + (-10 - 11).
-10
What is 8 + -3 + (-10 - ((-11 - -11) + -17))?
12
Evaluate 2 + -6 + (1 - -5 - 2).
0
What is -11 - -6 - 15 - -18?
-2
Calculate 2 - -10 - 17 - -14.
9
Evaluate (-1 - (4 + 4 - 10)) + -7 - -32.
26
Calculate 7 + -22 + (23 - -4).
12
Evaluate (-8 - (-26 + 7)) + -5 - -1.
7
What is -7 + -2 - (13 + -19)?
-3
Calculate 13 - (-19 + 10) - 12.
10
What is the value of -2 - ((15 - 23) + -7)?
13
Evaluate 42 + -42 - (-2 + -14).
16
Calculate (2 - -3 - (-2 - -7) - -3) + -8.
-5
Evaluate -11 - -18 - (-6 + 8).
5
What is the value of -19 - 3 - (3 + -6 + (1 - 1))?
-19
22 - (50 + -47 + 28)
-9
Evaluate 2 + (-33 - (15 + -19)).
-27
-6 + (11 - (12 + -13 + 10) - 5)
-9
26 + (-7 - (39 - 14))
-6
-26 + (33 - 19 - 1)
-13
What is 7 + (2 - 1 - (-2 - -7)) + -6?
-3
Evaluate 952 - 937 - (1 + (6 - 1)).
9
2 - -19 - (-17 + 9 - -17)
12
-29 - (-30 - (-48 - -38))
-9
Calculate -1 + -14 + (39 - 15).
9
7 - (-11 + -4 - -5)
17
0 + 0 + (4 - -4) - (34 + -29)
3
Calculate 27 - 6 - 6 - (9 - (0 - -4)).
10
Calculate -6 - (-6 + -6 + 7 + 9 + -28).
18
4 - (1 + 3) - -12 - 17
-5
Evaluate -12 + 7 - (-2 + -12).
9
What is the value of 4 + (-82 - -93 - (-1 + 24 + 0))?
-8
What is 10 + -28 + 13 + -6?
-11
Evaluate -1 + (2 - -5) + -6 + -4.
-4
(-7 - (16 - 20)) + 1 + 21
19
8 + (-52 - -43 - (-1 + 1)) + 2
1
What is -190 + 200 + 0 + 1?
11
Calculate (55 - 67) + 13 - (-2 - -20 - -1).
-18
What is 28 + (3 - -13) + -32?
12
What is the value of (14 - 0) + (-11 - 8 - -12) - 17?
-10
Evaluate -95 + 91 - (0 + (-1 - 8)).
5
-6 + 15 + -34 + -10 + 19
-16
Calculate (44 - (5 + 20)) + (-14 - 0).
5
Evaluate -25 + 34 + -7 - -10.
12
(0 + 13 - 5) + 4
12
Evaluate -1 - (-7 + 3 + -4).
7
-8 + 3 + (26 + -18 - (0 + 15))
-12
What is the value of -11 + (0 - (-1 - ((-4 - 2) + 8)))?
-8
What is -6 + 1 + 3 - (-4 - (5 + -5))?
2
-31 - -95 - (26 + 21)
17
Calculate (16 - 6) + 41 + -21.
30
What is 0 - (-4 - (-15 - -24))?
13
Evaluate -10 + -57 + 42 - -1.
-24
Calculate 48 + -2 + 2 + 20 + -36.
32
Calculate (-6 - -2) + (4 - -1 - (3 - 2)).
0
Evaluate (-9 - -16) + -4 - (-3 + 4 + 8).
-6
Evaluate (18 - 17) + 30 + -2 + -9.
20
23 + (-35 - -13) - (3 + -6)
4
Evaluate 8 - (-7 - -20 - 19).
14
What is the value of (6 - 12) + 0 + 0 - (11 + -25)?
8
Calculate -80 - (-34 + -23) - (0 - -2 - -8).
-33
Evaluate -23 - 0 - (-92 + 75).
-6
Evaluate (10 - 27) + (43 - 42).
-16
(-1 + -1 - (-9 + 0 + -3)) + 4
14
What is (-342 - -336) + (-3 + 1 - (1 + -10))?
1
(1 - 22) + (-4 + 24 - (174 - 158))
-17
Evaluate 20 + -13 - 16 - (-2 + -19).
12
Evaluate -15 - -9 - (-1 + (-11 - 0)).
6
Evaluate (3 - 0) + -83 + 92 - 2.
10
What is the value of -7 - ((-18 - 0) + (-89 - -77))?
23
(21 - 14) + (-18 - 0) + (-1 - 2)
-14
Evaluate (-4 - (-19 - (-5 - -5))) + (-20 - -13).
8
What is the value of -17 + 0 - -21 - (-15 + 2)?
17
-7 - (-16 - (6 + -5 + 1 - 0))
11
Calculate 113 + -95 + (0 - 20).
-2
Calculate (-17 + 2 - -6) + (15 - 0) - 20.
-14
Calculate -89 + (32 - -12) - -76.
31
What is the value of -15 - -4 - (7 - (0 - -11)) - 7?
-14
Evaluate -3 + (-40 - -5) + 72.
34
What is -31 + (18 + -35 - -20)?
-28
What is -90 - -80 - (-17 - 2)?
9
What is -2 + 13 - (2 + 2) - 19?
-12
Evaluate 18 + -1 - (7 - (5 + (6 - 9))).
12
-7 - -5 - (-9 - -22)
-15
What is -3 + (3 + -1 + 3 - 6)?
-4
-5 - -7 - (-18 + -4 + 18)
6
What is the value of 21 + (2 + -2 - (224 - 211))?
8
0 - 18 - (371 - 378)
-11
Calculate 23 - ((-7 + 19 - 6 - 9) + 5).
21
What is the value of -3 - -1 - 2 - (-3 + -20 + 20)?
-1
-6 + (2 - 5) + (5 - (2 - -7))
-13
5 + 33 + -52 + -6 + 0
-20
(0 - 1 - -1) + -10 + 20
10
-15 + (6 - (-47 + 0 + 13))
25
What is the value of 23 + -11 + 52 - 40?
24
Calculate -13 + 9 - 4 - -36 - 4.
24
What is 1 + -20 - (35 - 80)?
26
What is the value of (-6 - -5) + 0 + (-4 - (2 + -7))?
0
(-51 - -12 - (1 - 9)) + 12
-19
(0 - -1 - -3) + (18 + -9 - 35)
-22
(13 - -2) + 3 + (18 - 28) - -19
27
Calculate 11 + 0 + (11 - 16).
6
Evaluate 5 - (8 + -22 + 7).
12
Evaluate -9 + 17 - 5 - 17 - -10.
-4
(30 + -65 - (19 + -43)) + (-1 - -8)
-4
What is the value of -6 - ((4 - 0) + 29 + -39 + 12)?
-12
What is the value of (1 - -1) + (-41 - -42)?
3
Evaluate 26 - 44 - -57 - (1 + 9).
29
What is the value of (0 - (-34 - 0)) + (-32 - (8 + -31))?
25
Evaluate 3 + -2 + (10 + -21 + 6 - -4).
0
What is -12 + 0 - (-34 - (-10 + -17))?
-5
Calculate -1 + (15 - -7 - 0).
21
-59 + 49 + (-2 + 4 - -10) - 9
-7
What is -3 + 2 + 17 + (3 - 2 - 7)?
10
Evaluate -7 - (-38 - -27 - (-2 + -4)).
-2
Evaluate -14 - -20 - (-2 + (-3 - -2) + 2).
7
Calculate (-6 - 11) + (66 - 39).
10
2 + -5 + 2 + -2 + 7 - -1
5
1 - (2 + -12) - (34 - (-6 + 9))
-20
What is the value of -8 + -14 + (-8 - -4) + 9?
-17
Evaluate -9 + 4 + 7 + (-10 - -30).
22
Evaluate -8 - (-16 + 12 - 0).
-4
Calculate (39 - -22) + -44 + -25.
-8
Calculate 4 - (-13 - -9) - (-1 + (4 - -1)).
4
Calculate 12 - (0 - (-26 + (-8 - -8))).
-14
Evaluate -5 + -3 + (9 + -11 - (4 + -1)).
-13
What is (14 - (-6 - -9)) + (-26 - -16)?
1
What is the value of -10 - -11 - ((-3 - 1) + 1)?
4
What is the value of (19 - -5) + (-1 - 16)?
7
Calculate 1 - 0 - -6 - -1 - (-44 + 54).
-2
Calculate 64 - 72 - (9 + -12).
-5
Calculate -10 + (-25 + (5 - -7) - -8).
-15
Calculate -3 + -16 + (-1 - -20).
0
569 + -576 + 24 + 2 + 0 + 0
19
Calculate 2 - 0 - (-8 + -7 + (-3 - -8)).
12
Calculate -45 + -1 - (493 + -518).
-21
876 + -850 - (27 - -1)
-2
What is -7 + (12 - (3 - (-10 + 7)))?
-1
Calculate (-5 - (11 + -13)) + 15.
12
What is the value of (3 - (9 - (0 - -2))) + 84 + -82?
-2
Evaluate 22 + 3 + -3 + -41 + 31.
12
-2 + 5 + -2 + (-1 - (-10 + 19))
-9
Calculate -12 + 5 - (4 + (-11 - -5) + -14).
9
Evaluate (0 + -3 - (-12 - -6 - -9)) + 0.
-6
What is the value of -13 + 21 + (3 - (15 - 3))?
-1
(-16 + -6 - -13) + -9
-18
Calculate -1 + (51 - 78) + (1 - -8).
-19
-31 + 1 - (-378 - -360)
-12
(-1 - -16) + -112 + 94 + (4 - 1)
0
Evaluate 9 - ((-9 + 7 - 1) + (3 - -2)).
7
Evaluate -39 + 11 + (7 - (7 + (4 - 3))).
-29
Evaluate (16 + 20 - 36 - (0 - -5)) + 6.
1
Evaluate (1 - 4) + (-11 - -5) + 17 - 42.
-34
What is the value of 5 + -11 - (13 - 27 - -16)?
-8
Evaluate -39 - -120 - 35 - 20.
26
What is the value of 1 + 0 + 2 + -2 - (-25 - -11)?
15
What is (-19 - -12 - 9 - -6) + 15?
5
What is 5 + 10 + 1 + -5 - 20?
-9
(1 + 3 - 8) + -2 + 12 + -7
-1
Calculate 5 + 15 - (-20 - -29) - 0.
11
What is -5 + (-141 + 133 - (2 - -1))?
-16
Calculate -12 + 6 + (-3 - 4) + 5 + -1.
-9
What is the value of -275 + 273 - ((-14 - -3) + -3)?
12
8 - (14 + -17) - (17 + 4 - -5)
-15
What is 23 - (-165 + 166 + (-2 - -5))?
19
What is 34 + (15 - ((-1 - -2) + 26))?
22
4 + 4 - (-8 + 24 + -10)
2
What is the value of 3 - (2 + (-25 + 24 - (-4 - 0)))?
-2
What is 4 - (-2 + (-3 + 1 - -5 - -9))?
-6
Evaluate -21 - (34 - 100 - -27).
18
What is the value of -19 - (19 + -24 + -2) - (-1 - 5)?
-6
Calculate -4 + (-11 - (-37 - -20)).
2
-11 + 2 + -2 + -10 + 184 + -175
-12
Evaluate 7 + (6 - 4) + (25 - 18).
16
What is -3 + 0 + 1 + 9 + -8?
-1
What is -25 + 14 + -11 + 11?
-11
-19 - (4 + 5 - 21)
-7
Calculate (27 - 1 - -7) + -1.
32
What is 67 + (-27 - -6) - 23?
23
11 + -3 + 9 + -16
1
What is -9 + 62 + -12 + -9?
32
What is 11 + -11 + -6 + 18?
12
Calculate (-4 - (0 - 3) - -9) + -1 + -5.
2
What is the value of 23 - 1 - (-14 + 32)?
4
-29 + (-25 - -22 - -8)
-24
Evaluate (7 - 13) + 8 + 4 + 11.
17
3 + 7 + (-9 - 10)
-9
Calculate -7 - (11 + -11 - -4 - (24 + -1)).
12
Evaluate 1 - (-5 - -1) - (-46 + 52).
-1
Evaluate -1 + (16 - 18) + 5.
2
Calculate 14 - (0 + 43 - (-90 - -89)).
-30
Evaluate (3 - (5 + -3)) + -2 + 3 + 1.
3
What is (-2 - (-8 + 0)) + (4 - 7 - -10)?
13
What is -1 + (-2 - 4) - (5 - (9 - 7))?
-10
-6 + (6 - -6) + 17 + -18
5
5 + 4 - (-15 - -26) - (2 + 8)
-12
Evaluate 247 - 212 - (52 + 4).
-21
11 + -35 + -1 + (44 - 42)
-23
12 - (9 + 27 + -16)
-8
Calculate 4 + (10 - (-3 - -10) - 2) - 3.
2
Calculate 0 - (30 + -15) - 0.
-15
14 + 2 + (82 - 69)
29
Evaluate 2 - (7 - (-8 + 1 - -20)).
8
What is the value of 13 - (32 - 4) - -30?
15
-11 + -15 + 25 + -11 + 4
-8
Calculate (7 - 5) + 8 + (-3 - -1) + 12.
20
What is the value of (-14 - (-6 + -3)) + -6 + 5 + -2?
-8
Calculate -7 - -3 - (0 + (-7 - (-14 - 5))).
-16
What is the value of (-13 + 14 - -9) + (2 + -8 - -2)?
6
What is (52 - 41